 = 0. What is the tens digit of a(t)?
2
Let j be 1985/((1 + -2)/(0 - -1)). Let f = j - -2924. What is the tens digit of ((-4)/(-6))/(f/234 + -4)?
5
Suppose 81374 = -2*y + 63*y. Suppose y = 7*x - 1032. What is the hundreds digit of x?
3
Suppose 0 = -22*d + 9 - 75. What is the thousands digit of (22/(-11))/((-6838)/2278 - d)?
1
Let n be 92/14 + (-8)/14. What is the units digit of n/15 - (-1218)/5?
4
Suppose 3*x = x - 3*n + 35, -4*x + 94 = -2*n. Suppose 26*a = -245 - 119. Let y = x + a. What is the units digit of y?
8
Suppose 208 = h + 2*p, -3*p + 249 = 3*h - 375. Suppose -983 = 18*n + 1177. Let s = n + h. What is the tens digit of s?
8
Let f = -1355 - -3904. Let v = f - 599. Suppose -24*w = -9*w - v. What is the units digit of w?
0
Let u(f) = -14204*f + 389. What is the ten thousands digit of u(-3)?
4
What is the thousands digit of 47120/(-14)*(-434)/124?
1
Let u(j) = -2*j**3 - 92*j**2 + 9*j + 110. Let v be u(-46). Let o = v + 484. What is the hundreds digit of o?
1
Let l(y) = -2*y**3 - 27*y**2 - 16*y - 206. What is the hundreds digit of l(-22)?
3
Let x(g) = 13*g**2 + 6*g - 3. Let l(c) = 6*c**2 + 3*c - 2. Let b(h) = 9*l(h) - 4*x(h). Let q be b(5). Let i = q - 34. What is the units digit of i?
5
Suppose 16*z - 98073 + 45737 = 0. What is the tens digit of z?
7
Let b(t) = 2*t**2 - 14*t. Let d be b(8). Suppose -4*j - d = -4*a, -j - j = -3*a + 13. Suppose 0 = -a*s, -4*r + 4*s = -3*r - 40. What is the tens digit of r?
4
Let w = 434 + -434. Suppose w*o + 1904 = 8*o. What is the units digit of o?
8
Suppose -13*b + b = -9528. Let g = b + -474. What is the units digit of g?
0
Suppose 2*o + 13355 = 3*m, 3*o - 2 = 13. Suppose 7*b = 22*b - m. What is the tens digit of b?
9
Let j = 43 + -39. Suppose z - 2 = r, 0 = -z + j*z - 5*r - 6. Suppose -4*n + z*n = -60. What is the units digit of n?
0
Suppose -4*o + 9*o - 5*r + 130 = 0, 3*o + r = -58. Let j(l) = l**2 - 20*l. Let w be j(15). Let b = o - w. What is the units digit of b?
4
What is the units digit of 780/60 - (-16319 + -1)?
3
Suppose -4*a + 5*a - 2*m = 4, -4*a - 5*m = 23. Let v(j) = 20*j + 5. Let b(x) = -99*x - 25. Let p(d) = a*b(d) - 11*v(d). What is the units digit of p(-3)?
1
What is the ten thousands digit of (-110544)/(-9) - (-32)/(-12)?
1
Let y = 92 + -100. Let a(w) = -w**3 - 8*w**2 - 8*w + 9. Let x(i) = 2*i**3 + 16*i**2 + 16*i - 17. Let g(f) = 9*a(f) + 4*x(f). What is the units digit of g(y)?
7
Suppose 36*a + 4427 = -5*y + 32*a, -y = -3*a + 893. Let l = 481 - y. What is the hundreds digit of l?
3
Let d = 46061 + -26870. What is the units digit of d?
1
Let y = -30241 - -53213. What is the hundreds digit of y?
9
Suppose 76*s - 261575 = 346197. What is the units digit of s?
7
Suppose -146*z = -187*z - 1845. Let i = 42 - 30. What is the units digit of (z/i)/(2/(-56))?
5
Let i be (-4)/8*-2*279. Suppose 2*a + a + p - i = 0, 4*a = -5*p + 383. Suppose -34*q + 36*q = a. What is the units digit of q?
6
What is the units digit of (-36134)/(-20) - (-249)/830?
7
Let u(t) = 2*t**3 + 21*t**2 - 12*t - 9. Let i be u(-11). Suppose -z + i*z = -25. Let d = -3 - z. What is the units digit of d?
2
Suppose 3*l = 3*c + 43902, 21*c - 43938 = -3*l + 18*c. What is the ten thousands digit of l?
1
Suppose -5*z + 4332 = o - 2568, 0 = 2*z + 3*o - 2747. Suppose -a - 2*p + z = 3*p, -1379 = -a - 3*p. What is the hundreds digit of a?
3
Let n = -1531 + 2684. Let y = n - 431. What is the tens digit of y?
2
Let z be (1 + 79)/(-2)*(-36)/15. Let o be ((-1)/(-4))/(6/z). Suppose 4*h + o*l - 408 = 0, -3*l + 61 + 47 = h. What is the tens digit of h?
9
Let z be (10/(-20))/((-2)/(-36)). Let a be z/4 + 18/(-24). Let t(l) = -14*l - 9. What is the units digit of t(a)?
3
Let y = -28 + 20. Let d be ((-12)/8 + 0)*y/6. Suppose d*f = 4*q - 2*f - 556, -558 = -4*q + 2*f. What is the units digit of q?
0
Let a = 607 + -543. Suppose -2*f + 210 = 2*v + a, -2*v = -4*f - 116. What is the tens digit of v?
6
Let c be (0 + 5 - 8) + 436. Suppose 5*g - 3047 - c = 0. What is the hundreds digit of g?
6
Suppose -13*z + 11*z + 194 = 0. Let s = z - -133. What is the units digit of s?
0
Suppose 0 = -758*a + 1507*a - 757*a + 25360. What is the thousands digit of a?
3
Let t(q) = q**3 - 13*q**2 - 7*q + 5. Let r be 1*4 - (4 + -2). Let a be r + (3 - 8) + 15 - -2. What is the hundreds digit of t(a)?
1
Let u be 20/(-3) - 8/(-12). What is the hundreds digit of (7 + u)/(3/1074)?
3
Let b(m) = -2*m**3 - 24*m**2 - 14*m - 64. Let q(k) = -3*k**3 - 25*k**2 - 13*k - 66. Let n(t) = 4*b(t) - 3*q(t). What is the units digit of n(23)?
9
Suppose -6*w - 23471 = -5*n - 7*w, 14085 = 3*n + 3*w. What is the thousands digit of n?
4
What is the units digit of (((-181441)/(-68))/(-13))/((-1)/28)?
7
Let t(f) = -1194*f - 53. What is the thousands digit of t(-2)?
2
What is the tens digit of 10/185 + (-4631978)/(-962)?
1
Suppose -3*m = -7*t + 5*t - 77356, 2*m + 4*t = 51592. What is the tens digit of m?
8
Let r = -10187 - -17259. Suppose 0*q = 13*q - r. Suppose -6*w + q = -482. What is the tens digit of w?
7
Suppose 21*c = -58*c + 195130. What is the hundreds digit of c?
4
Let j(n) = -626*n**3 + n**2 - 3*n - 5. What is the tens digit of j(-3)?
1
Let q = -2973 - -3046. What is the tens digit of q?
7
Let h(c) = 3*c**2 + 57*c - 143. Let v(x) = 2*x**2 + 38*x - 95. Let q(b) = 5*h(b) - 7*v(b). What is the units digit of q(19)?
2
What is the units digit of (-14)/(-203) - 34497859/(-1537)?
5
Let s(v) = 13*v + 8. Suppose 0 = 12*i - 6*i + 6. Let h be s(i). What is the tens digit of (36/(-10) - -4) + (-608)/h?
2
Suppose -111*m + 126*m - 37950 = 0. What is the thousands digit of m?
2
Suppose 72*y - 65*y - 5054 = 0. Suppose 2*g - y = -c + 397, -1129 = -c - 4*g. What is the hundreds digit of c?
1
Let o(g) = -g**2 - 15*g + 2. Let r be o(-15). Suppose -5*w + r*v = -2052 + 360, -5*w + 4*v + 1684 = 0. What is the hundreds digit of w?
3
Suppose 3*x - 3 = -o, x - 6*x + 7 = o. Suppose -6*r = 692 + 340. What is the units digit of x*r/8*(-2)/1?
6
Suppose 4*n = 6*n + 618. Let h = -266 + 714. Let o = h + n. What is the units digit of o?
9
Let s(c) = c**2 - 14*c - 8. Let g be s(18). Suppose x + 5*z - 269 = -g, -3*x + 605 = 5*z. Let h = x + -41. What is the hundreds digit of h?
1
Suppose 3*q = 4*z + 78 + 38, -2*z - 58 = 3*q. Let u = 191 - z. What is the hundreds digit of u?
2
Suppose p - 124 = -3*p + 2*x, -4*p - 5*x = -138. Suppose p = -4*y - 0. Let o(r) = -19*r - 37. What is the units digit of o(y)?
5
Suppose 2*h - 2165 = -5*l, 5*h + 5*l - 3256 = 2149. What is the units digit of h?
0
Suppose -184 + 1150 = 21*v. What is the hundreds digit of (-69)/v*((-409)/3 + 1)?
2
Suppose 0 = -5*v + 5*h - 30, -3*v + 0*h - 4*h = -10. Let c be (0*(-3)/9)/(4 + v). Suppose c*k = -2*k + 250. What is the tens digit of k?
2
Let x(f) = 782*f - 3180. What is the units digit of x(22)?
4
Let v(x) = 3884*x + 417. What is the thousands digit of v(2)?
8
Let o = 54 + -24. Suppose o = 4*l - 286. What is the units digit of l + (6/(-9))/(2/(-3))?
0
Let q(x) = x**3 + 2*x**2 - 63. Let s be q(0). Let l be ((s/(-5))/(-9))/((-2)/10). What is the units digit of 0/14 + l + 0 + 0?
7
Let u(s) = 10*s**3 - 2*s**2 + 5*s - 3. Let o(l) = 4*l**3 - 3*l**2 + 3*l - 1. Suppose 8*m = -4 + 12. Let d be o(m). What is the units digit of u(d)?
4
Let l be 128/3*45/20. Let n = l + 8. Suppose -u - 4*a = -55 + 15, 4*u = -2*a + n. What is the tens digit of u?
2
Suppose 35*l = 40*l - 5*j - 279225, 4*j = l - 55833. What is the units digit of l?
9
Suppose j - 8 = -3*j. Suppose -j*z = -z - 353. Let v = -230 + z. What is the units digit of v?
3
Let a = 13948 + -4099. What is the units digit of a?
9
Suppose -5*j + 283 = -157. Suppose -h + 24 = -j. Suppose 9*f - 11*f = -h. What is the tens digit of f?
5
Let y(l) = 2*l**3 - 8*l**2 - 5*l - 9. Let c be y(5). Suppose -c = -4*w, 10*f - 8*f + 3*w = 8. What is the tens digit of ((-2736)/32)/(1/f)?
7
What is the units digit of 10/55 - (533596/(-77) - 3)?
3
What is the thousands digit of ((-25)/15 - -2)*43*(373 - 1)?
5
Let a be 7/((-42)/8262)*1. What is the hundreds digit of a/6*(-2)/3?
1
Suppose -p = -2*w - 593, -2*p + 1156 = w + w. Suppose 4*q - d + p = 0, d + 15 = 6*d. Let r = -91 - q. What is the units digit of r?
4
Suppose -75*z + 53111 = -3064. What is the hundreds digit of z?
7
Let h = -5 - -9. What is the thousands digit of (-1*(h + 5))/(4/(-64